- h + w + 6, 3*h + 4*w + 6 = 0. Let f be 2/h - (-2 - 0). Is f/3 + (-690)/(-9) prime?
False
Let h(l) = 2*l**2 + 0*l**3 + 10*l**2 + 9 - l**3 + l**2 + 2*l. Is h(7) composite?
False
Let m(j) = 408*j**3 - 3*j**2 - 2*j - 1. Let g(l) = -l**3 + 1. Let v(p) = 6*g(p) + m(p). Is v(2) a prime number?
False
Let y(t) = 3*t**3 + t**2 - t. Let s be y(1). Suppose -s*i + 4*u + 2865 = 0, 4*i - 3848 = u - 5*u. Is i a composite number?
True
Suppose i - 50 = 5*j + 2*i, 0 = -3*j - 5*i - 30. Let b(z) = -z**3 - z**2 - 13*z - 21. Is b(j) prime?
True
Let g = -1460 - -3943. Is g a composite number?
True
Let p(z) = -z**2 + 3*z + 3. Let r be p(-2). Let i = r - -10. Suppose -i*v = -8*v + 1105. Is v prime?
False
Let r = 51 + -49. Let y(n) = -n**2 + 5*n + 6. Let t be y(6). Suppose t = -5*a + 20, -a + 118 = r*v + a. Is v a prime number?
False
Let m = 24 + 133. Is m composite?
False
Is (-60)/(-16) + (-1)/(-4) - -26623 a prime number?
True
Suppose -6 = -2*h + 2*m - 40, 0 = 2*h - 4*m + 28. Let i = h - -25. Suppose -i*p + 1528 = 633. Is p prime?
True
Let c(f) = 3*f**2 - 88*f + 122. Is c(-59) composite?
True
Let c = 153 - -337. Let w = c - 117. Is w a composite number?
False
Let z = 3598 - -18549. Is z a prime number?
True
Suppose 0 = 3*z + 5*u + 254, u + 20 = 5*u. Let n = 144 + z. Is n prime?
False
Suppose 4*w - 12 = 0, w - 3*w = -2*s - 6. Suppose -2*c = -1 + 9, s = -4*b - 3*c + 304. Suppose -3*i + 4*v = -197, -i + 2*v = -2*v - b. Is i prime?
True
Let s(n) = 1628*n + 39. Is s(2) prime?
False
Suppose 0 = -4*q + q + 3, 0 = -3*t + 4*q + 30239. Is t a composite number?
True
Suppose -4*u - 5*b + 4307 = 0, -4*u - 4*b - 3207 = -7*u. Is u a prime number?
False
Let z = 5842 + -3161. Is z composite?
True
Let n(d) = 4*d**3 + 2*d**2 + 2*d + 2. Let y be n(3). Is y*((-84)/8)/(-7) a prime number?
False
Is 4/10 - 5*38343/(-25) a prime number?
True
Let f = -83 + 44. Let q = f + 185. Is q composite?
True
Let z be ((-129)/(-6))/(3/6). Let r be ((-3)/2)/(2/(-12)). Let g = z - r. Is g prime?
False
Let q(p) = 2*p**2 + 2*p - 2. Let v be q(2). Let f = v - 5. Suppose -f*b = 35 - 140. Is b composite?
True
Suppose -5*l + 40 = 15, -l = -2*q + 413. Suppose q - 840 = -w. Is w a composite number?
False
Let v(x) = 41*x + 4. Let t be v(3). Let h = t + 128. Suppose -l + 6*l - h = 0. Is l prime?
False
Suppose 0 = 16*y - 11*y - 45. Let d(g) = 2*g**3 - 3*g**2 + g - 1. Let u be d(2). Suppose -u*o = -y*o + 308. Is o composite?
True
Let n = -9806 + 50125. Is n composite?
True
Suppose 10*m = 2*m + 32. Suppose -m*p = -y - 1808, -y - 930 = -5*p + 1329. Is p a composite number?
True
Let c = -85 - -85. Suppose 4*s + c*s = 7340. Is s a prime number?
False
Is (-1 + -1)*((-17311)/14 - 9) a composite number?
True
Let h be (7/(-2))/((-1)/(-34*1)). Let a = h + 354. Is a composite?
True
Let k = 1270 + -571. Suppose -23*s + 20*s = -k. Is s a composite number?
False
Suppose 0 = -2*i + 2 + 4. Suppose 5*n - i*g = 3733, 2*g = 2*n + 3*g - 1502. Is n prime?
False
Let h be (6 - (-2 + 4)) + 0. Suppose -2*c + 460 = -h*a - 134, -2*a - 2 = 0. Is c prime?
False
Let u(n) = 4*n**2 + 37*n + 7. Let l = 19 - 35. Is u(l) a prime number?
True
Suppose 10 = 8*g - 3*g. Let n(u) = -2 - 15*u**g + 38*u**2 - u - 3*u. Is n(-3) a prime number?
False
Is (-8)/6 + (-764845)/(-57) prime?
True
Let h = 22733 + 5000. Is h prime?
True
Let g(s) = -94*s + 1. Suppose 0 = -2*m + 4*q - 14 - 0, -2*m = 3*q + 14. Is g(m) a composite number?
False
Let j = -830 + 1168. Suppose l = 379 + j. Is l a prime number?
False
Suppose 2203 = -179*l + 180*l. Is l a composite number?
False
Let z = -1481 - -2092. Is z a prime number?
False
Let c = -35 - 0. Let t = -241 - -1061. Let u = c + t. Is u composite?
True
Let g(f) = 5017*f**2 + 12*f - 5. Is g(-2) composite?
True
Let i = -73 + 75. Suppose -i*p + b - 37 + 625 = 0, -3*b + 287 = p. Is p a prime number?
True
Let k(x) = -2393*x**3 - x + 1. Is k(-1) a prime number?
False
Let u(q) = 2*q**2 + 5. Let m be u(4). Let t = -105 - -121. Let d = m + t. Is d composite?
False
Suppose -3*g + 31 = 31. Suppose g = -6*f + 3*f + 2949. Is f a prime number?
True
Suppose -4*m = -4*j + 2*j + 3112, 0 = 5*m + 3*j + 3868. Let n be m/(-5) - 44/(-55). Let i = n + -50. Is i prime?
False
Suppose -5*f + b = -7303, -5*f + 7299 = 2*b - 5*b. Is f composite?
True
Let k be 2985/25*-1 - 4/(-10). Let h = k - -456. Is h composite?
False
Suppose -4*u = -0*u. Suppose 5*a + 157 = 5*v - 258, 2*v + a - 178 = u. Is v prime?
False
Let v = 123 + -34. Is v a composite number?
False
Is (-3*1 - (-90)/36)*-15234 a prime number?
False
Suppose 5*c = -5*n + 11190, -5*c + 7750 = -4*n - 3431. Is c a prime number?
True
Let z = 11 + -7. Suppose -3*a + 2*l - z*l - 1950 = 0, -5*a - 3263 = -l. Is 12/36 + a/(-6) a composite number?
False
Suppose 6*a = 7*a + 196. Is 7/(a/(-8)) - 635/(-7) a composite number?
True
Is 12839/2*1 - 6/(-4) a composite number?
False
Suppose q - 2 = s + s, 14 = 4*q - 5*s. Suppose -i + 10 = q. Suppose 4*g + 320 = i*h, -g = -4*h + 160 + 157. Is h composite?
False
Let c(l) = 3*l + 3. Let o be c(-1). Suppose o = 2*j + 4*s - 1154, -2*s - s = -6. Is j a prime number?
False
Let m(v) be the second derivative of -3*v**5/20 + v**3/3 + v**2/2 + 8*v. Let c be m(-1). Suppose 39 = -c*p + 177. Is p prime?
False
Let p(u) be the third derivative of -u**3/6 - 4*u**2. Let z(v) = -v - 1. Let l(k) = -p(k) + 2*z(k). Is l(-8) prime?
False
Suppose 5*n - 16066 = -m, 2*n - 4*n = -m - 6432. Is n prime?
False
Let q(m) = 124*m**2 - 36*m + 15. Is q(-7) a composite number?
False
Let c(v) = 11*v**3 - 7*v**2 - 10*v + 91. Is c(9) a composite number?
True
Let c(g) = -g**3 + 7*g**2 - g + 7. Let j be c(7). Let l(x) = -x**3 + x**2 + x - 79. Let r be l(j). Is -1 - r - (-5 + 4) a composite number?
False
Let n(m) = -13*m**2 + 410*m + 16. Is n(31) composite?
False
Suppose 84107 = 34*q - 782995. Is q a prime number?
False
Suppose 8 = -8*u - 0. Is u/(1/(-51) + 0) composite?
True
Let r be (78/(-4))/(6/12). Let j = r + 20. Let h = 38 + j. Is h a composite number?
False
Is 157320/((-50)/(-5)) - 5 a composite number?
False
Suppose -5*l + 180 = -l. Suppose i = -2*i - l. Is 86*(-2 + i/(-6)) a composite number?
False
Let v(l) = 3*l**3 - 2*l**2 - 37*l + 7. Is v(22) composite?
False
Let h(m) = m**3 + 12*m**2 + 9*m + 19. Is h(11) a prime number?
False
Suppose 3*r = -5*u + 25, -2*u = -6*r + r + 21. Suppose -4*a - u*o = -146, 80 + 26 = 3*a + 5*o. Is a prime?
True
Suppose -5*v = -0*w + 2*w - 8, 0 = -2*v + 2*w + 6. Suppose -6*x = -2*x + v*u - 20, 20 = 4*x - 2*u. Suppose 0 = -a + x*a - 140. Is a a prime number?
False
Let o = 11495 + -7560. Is o a composite number?
True
Let v(j) = 4*j**2 - j - 24. Let f be v(-8). Let l = -37 + f. Is l composite?
True
Suppose 5 = u + 3*u + 3*g, -3*g - 5 = -u. Suppose 3*w = q + u*q - 105, 3*q = -4*w + 119. Is q prime?
True
Let p(o) be the first derivative of o**4/2 + 16*o**3/3 - 10*o**2 - 3*o - 18. Is p(-8) composite?
False
Suppose 5 = -3*l + m + 1, 5*m = 4*l + 9. Let b be (l*28)/4 + 4. Let x(f) = 15*f**2 + 4*f + 4. Is x(b) prime?
True
Let g(f) be the third derivative of 6*f**2 - 2/3*f**3 + 0*f + 0 + 13/24*f**4. Is g(7) a composite number?
True
Suppose 4*t = 9*t - 5670. Let f(g) = 2*g + 17. Let h be f(-7). Suppose -5*b - 3*i = -7*i - t, -5*i = h*b - 673. Is b a prime number?
False
Let n(v) = -84*v**3 + 2*v**2 - 20*v - 63. Is n(-5) prime?
False
Let h(i) be the third derivative of 37*i**4/12 + 3*i**3/2 - 15*i**2. Is h(7) a prime number?
False
Let q = 713 - 82. Is q composite?
False
Let r(c) = -2*c**3 + 3*c**2 - 4*c + 28. Is r(-7) a prime number?
False
Is 10 - 30*(-8795)/2 a prime number?
False
Suppose 2*t + 2*t - 18836 = 0. Let y = t + -3294. Is y prime?
False
Suppose -n - q + 2 = 0, n - 3*q = -3*n + 22. Suppose -4*u + 0*u = n*t + 8, -u - 10 = 5*t. Is 3 + u - (-1 + -93) a composite number?
False
Let g(i) = 2986*i - 83. Is g(4) prime?
False
Let y = 1120 - 753. Suppose 5*k = l + y, 3*k - 2*k - 4*l = 62. Is k composite?
True
Let a = 30 + -50. Is (-10)/a*9354/3 prime?
True
Is (-103665)/(-90) + (-5)/6 a composite number?
False
Suppose 0 = 29*o - 152*o + 4644849. Is o composite?
True
Let d(i) be the second derivative of i**5/20 - 11*i**4/6 - 9*i**3/2 - 59*i**2/2 + 42*i. Is d(24) prime?
False
Let f(r) = 54*r**2 + 6*r - 35. Is f(9) a composite number?
True
Let i(l) = 20*l - 17. Let y be ((-6)/9)/((-4)/30).